{"id":26321,"date":"2017-03-10T15:14:54","date_gmt":"2017-03-10T15:14:54","guid":{"rendered":"http:\/\/vida.org.pt\/?page_id=26321"},"modified":"2017-07-12T15:14:30","modified_gmt":"2017-07-12T15:14:30","slug":"economia-familiar","status":"publish","type":"page","link":"https:\/\/vida.org.pt\/en\/o-que-fazemos\/impacto\/economia-familiar\/","title":{"rendered":"Household Economy"},"content":{"rendered":"<p>[et_pb_section admin_label=&#8221;section&#8221; background_color=&#8221;#6aceb6&#8243; inner_shadow=&#8221;on&#8221; fullwidth=&#8221;on&#8221; background_image=&#8221;http:\/\/vida.org.pt\/wp-content\/uploads\/2017\/03\/33333@2x.jpg&#8221; transparent_background=&#8221;off&#8221; allow_player_pause=&#8221;off&#8221; parallax=&#8221;off&#8221; parallax_method=&#8221;off&#8221; padding_mobile=&#8221;off&#8221; make_fullwidth=&#8221;off&#8221; use_custom_width=&#8221;off&#8221; width_unit=&#8221;on&#8221; make_equal=&#8221;off&#8221; use_custom_gutter=&#8221;off&#8221;][et_pb_fullwidth_header admin_label=&#8221;Fullwidth Header&#8221; title=&#8221;Household Economy&#8221; background_layout=&#8221;dark&#8221; text_orientation=&#8221;left&#8221; header_fullscreen=&#8221;off&#8221; header_scroll_down=&#8221;off&#8221; parallax=&#8221;off&#8221; parallax_method=&#8221;off&#8221; content_orientation=&#8221;center&#8221; image_orientation=&#8221;center&#8221; custom_button_one=&#8221;off&#8221; button_one_letter_spacing=&#8221;0&#8243; button_one_use_icon=&#8221;default&#8221; button_one_icon_placement=&#8221;right&#8221; button_one_on_hover=&#8221;on&#8221; button_one_letter_spacing_hover=&#8221;0&#8243; custom_button_two=&#8221;off&#8221; button_two_letter_spacing=&#8221;0&#8243; button_two_use_icon=&#8221;default&#8221; button_two_icon_placement=&#8221;right&#8221; button_two_on_hover=&#8221;on&#8221; button_two_letter_spacing_hover=&#8221;0&#8243; background_color=&#8221;rgba(0,0,0,0.47)&#8221;] [\/et_pb_fullwidth_header][\/et_pb_section][et_pb_section admin_label=&#8221;section&#8221;][et_pb_row admin_label=&#8221;row&#8221;][et_pb_column type=&#8221;4_4&#8243;][et_pb_text admin_label=&#8221;Texto&#8221; background_layout=&#8221;light&#8221; text_orientation=&#8221;left&#8221; use_border_color=&#8221;off&#8221; border_color=&#8221;#ffffff&#8221; border_style=&#8221;solid&#8221;]<\/p>\n<ul>\n<li class=\"p2\">Due to integrated action in Health, families spend less time with diseases and are more productive, once they can dedicate more time to agriculture work in their fields and other activities than generate incomes for their households.<\/li>\n<li class=\"p2\"><span class=\"s1\">The inclusion of new crops and varieties allows for a food diversity during consecutive periods of time, eliminating the traditional periods of hunger between harvests. The techniques acquired throughout the formations allow families to increase their production and sell agricultural products.<\/span><\/li>\n<li class=\"p2\"><span class=\"s1\">The access to seeds in local markets avoids the expensive costs which come from deslocations and also avoids the time needed to get to the markets of the nearest towns or cities. The value of these costs is used to purchase locally more and varied seeds.<\/span><\/li>\n<\/ul>\n<p>[\/et_pb_text][\/et_pb_column][\/et_pb_row][et_pb_row admin_label=&#8221;row&#8221;][et_pb_column type=&#8221;4_4&#8243;][et_pb_button admin_label=&#8221;Bot\u00e3o&#8221; button_url=&#8221;https:\/\/vida.org.pt\/en\/o-que-fazemos\/impacto\/&#8221; url_new_window=&#8221;off&#8221; button_text=&#8221;Impact&#8221; button_alignment=&#8221;left&#8221; background_layout=&#8221;light&#8221; custom_button=&#8221;on&#8221; button_text_size=&#8221;14&#8243; button_letter_spacing=&#8221;0&#8243; button_use_icon=&#8221;default&#8221; button_icon_placement=&#8221;right&#8221; button_on_hover=&#8221;on&#8221; button_letter_spacing_hover=&#8221;0&#8243; \/][\/et_pb_column][\/et_pb_row][\/et_pb_section]<\/p>","protected":false},"excerpt":{"rendered":"<p>[et_pb_section admin_label=&#8221;section&#8221; background_color=&#8221;#6aceb6&#8243; inner_shadow=&#8221;on&#8221; fullwidth=&#8221;on&#8221; background_image=&#8221;http:\/\/vida.org.pt\/wp-content\/uploads\/2017\/03\/33333@2x.jpg&#8221; transparent_background=&#8221;off&#8221; allow_player_pause=&#8221;off&#8221; parallax=&#8221;off&#8221; parallax_method=&#8221;off&#8221; padding_mobile=&#8221;off&#8221; make_fullwidth=&#8221;off&#8221; use_custom_width=&#8221;off&#8221; width_unit=&#8221;on&#8221; make_equal=&#8221;off&#8221; use_custom_gutter=&#8221;off&#8221;][et_pb_fullwidth_header admin_label=&#8221;Fullwidth Header&#8221; title=&#8221;Household Economy&#8221; background_layout=&#8221;dark&#8221; text_orientation=&#8221;left&#8221; header_fullscreen=&#8221;off&#8221; header_scroll_down=&#8221;off&#8221; parallax=&#8221;off&#8221; parallax_method=&#8221;off&#8221; content_orientation=&#8221;center&#8221; image_orientation=&#8221;center&#8221; custom_button_one=&#8221;off&#8221; button_one_letter_spacing=&#8221;0&#8243; button_one_use_icon=&#8221;default&#8221; button_one_icon_placement=&#8221;right&#8221; button_one_on_hover=&#8221;on&#8221; button_one_letter_spacing_hover=&#8221;0&#8243; custom_button_two=&#8221;off&#8221; button_two_letter_spacing=&#8221;0&#8243; button_two_use_icon=&#8221;default&#8221; button_two_icon_placement=&#8221;right&#8221; button_two_on_hover=&#8221;on&#8221; button_two_letter_spacing_hover=&#8221;0&#8243; background_color=&#8221;rgba(0,0,0,0.47)&#8221;] [\/et_pb_fullwidth_header][\/et_pb_section][et_pb_section admin_label=&#8221;section&#8221;][et_pb_row admin_label=&#8221;row&#8221;][et_pb_column type=&#8221;4_4&#8243;][et_pb_text admin_label=&#8221;Texto&#8221; background_layout=&#8221;light&#8221; text_orientation=&#8221;left&#8221; use_border_color=&#8221;off&#8221; border_color=&#8221;#ffffff&#8221; border_style=&#8221;solid&#8221;] Due to integrated action [&hellip;]<\/p>\n","protected":false},"author":1,"featured_media":0,"parent":25559,"menu_order":0,"comment_status":"closed","ping_status":"closed","template":"","meta":{"_et_pb_use_builder":"on","_et_pb_old_content":"<p class=\"p1\"><span class=\"s1\">- Devido a a\u00e7\u00f5es integradas na \u00e1rea da sa\u00fade, as fam\u00edlias est\u00e3o menos tempo doentes, s\u00e3o mais produtivas e encontram-se englobadas num sistema de seguro comunit\u00e1rio que cobre os gastos com a sa\u00fade.<\/span><\/p><p class=\"p1\"><span class=\"s1\">- A inclus\u00e3o de novas culturas e mais variedades permite uma diversidade de alimentos, durante per\u00edodos de tempo consecutivos, eliminando os per\u00edodos tradicionais de fome entre colheitas. As t\u00e9cnicas adquiridas ao longo das forma\u00e7\u00f5es permite \u00e0s fam\u00edlias aumentar a sua produ\u00e7\u00e3o e vender os produtos agr\u00edcolas.<\/span><\/p><p class=\"p1\"><span class=\"s1\">- O acesso a sementes em mercados locais, evita todos os custos resultantes das desloca\u00e7\u00f5es e do tempo necess\u00e1rio para chegar aos mercados das vilas ou cidades mais pr\u00f3ximas. O valor desses custos \u00e9 utilizado para comprar localmente mais e variadas sementes.<\/span><\/p>","_et_gb_content_width":"","_monsterinsights_skip_tracking":false,"_monsterinsights_sitenote_active":false,"_monsterinsights_sitenote_note":"","_monsterinsights_sitenote_category":0,"footnotes":""},"class_list":["post-26321","page","type-page","status-publish","hentry"],"_links":{"self":[{"href":"https:\/\/vida.org.pt\/en\/wp-json\/wp\/v2\/pages\/26321","targetHints":{"allow":["GET"]}}],"collection":[{"href":"https:\/\/vida.org.pt\/en\/wp-json\/wp\/v2\/pages"}],"about":[{"href":"https:\/\/vida.org.pt\/en\/wp-json\/wp\/v2\/types\/page"}],"author":[{"embeddable":true,"href":"https:\/\/vida.org.pt\/en\/wp-json\/wp\/v2\/users\/1"}],"replies":[{"embeddable":true,"href":"https:\/\/vida.org.pt\/en\/wp-json\/wp\/v2\/comments?post=26321"}],"version-history":[{"count":11,"href":"https:\/\/vida.org.pt\/en\/wp-json\/wp\/v2\/pages\/26321\/revisions"}],"predecessor-version":[{"id":27756,"href":"https:\/\/vida.org.pt\/en\/wp-json\/wp\/v2\/pages\/26321\/revisions\/27756"}],"up":[{"embeddable":true,"href":"https:\/\/vida.org.pt\/en\/wp-json\/wp\/v2\/pages\/25559"}],"wp:attachment":[{"href":"https:\/\/vida.org.pt\/en\/wp-json\/wp\/v2\/media?parent=26321"}],"curies":[{"name":"wp","href":"https:\/\/api.w.org\/{rel}","templated":true}]}}

<p>[et_pb_section admin_label=&#8221;section&#8221; background_color=&#8221;#6aceb6&#8243; inner_shadow=&#8221;on&#8221; fullwidth=&#8221;on&#8221; background_image=&#8221;http://vida.org.pt/wp-content/uploads/2017/03/33333@2x.jpg&#8221; transparent_background=&#8221;off&#8221; allow_player_pause=&#8221;off&#8221; parallax=&#8221;off&#8221; parallax_method=&#8221;off&#8221; padding_mobile=&#8221;off&#8221; make_fullwidth=&#8221;off&#8221; use_custom_width=&#8221;off&#8221; width_unit=&#8221;on&#8221; make_equal=&#8221;off&#8221; use_custom_gutter=&#8221;off&#8221;][et_pb_fullwidth_header admin_label=&#8221;Fullwidth Header&#8221; title=&#8221;Household Economy&#8221; background_layout=&#8221;dark&#8221; text_orientation=&#8221;left&#8221; header_fullscreen=&#8221;off&#8221; header_scroll_down=&#8221;off&#8221; parallax=&#8221;off&#8221; parallax_method=&#8221;off&#8221; content_orientation=&#8221;center&#8221; image_orientation=&#8221;center&#8221; custom_button_one=&#8221;off&#8221; button_one_letter_spacing=&#8221;0&#8243; button_one_use_icon=&#8221;default&#8221; button_one_icon_placement=&#8221;right&#8221; button_one_on_hover=&#8221;on&#8221; button_one_letter_spacing_hover=&#8221;0&#8243; custom_button_two=&#8221;off&#8221; button_two_letter_spacing=&#8221;0&#8243; button_two_use_icon=&#8221;default&#8221; button_two_icon_placement=&#8221;right&#8221; button_two_on_hover=&#8221;on&#8221; button_two_letter_spacing_hover=&#8221;0&#8243; background_color=&#8221;rgba(0,0,0,0.47)&#8221;] [/et_pb_fullwidth_header][/et_pb_section][et_pb_section admin_label=&#8221;section&#8221;][et_pb_row admin_label=&#8221;row&#8221;][et_pb_column type=&#8221;4_4&#8243;][et_pb_text admin_label=&#8221;Texto&#8221; background_layout=&#8221;light&#8221; text_orientation=&#8221;left&#8221; use_border_color=&#8221;off&#8221; border_color=&#8221;#ffffff&#8221; border_style=&#8221;solid&#8221;]</p>
<ul>
<li class="p2">Due to integrated action in Health, families spend less time with diseases and are more productive, once they can dedicate more time to agriculture work in their fields and other activities than generate incomes for their households.</li>
<li class="p2"><span class="s1">The inclusion of new crops and varieties allows for a food diversity during consecutive periods of time, eliminating the traditional periods of hunger between harvests. The techniques acquired throughout the formations allow families to increase their production and sell agricultural products.</span></li>
<li class="p2"><span class="s1">The access to seeds in local markets avoids the expensive costs which come from deslocations and also avoids the time needed to get to the markets of the nearest towns or cities. The value of these costs is used to purchase locally more and varied seeds.</span></li>
</ul>
<p>[/et_pb_text][/et_pb_column][/et_pb_row][et_pb_row admin_label=&#8221;row&#8221;][et_pb_column type=&#8221;4_4&#8243;][et_pb_button admin_label=&#8221;Botão&#8221; button_url=&#8221;https://vida.org.pt/en/o-que-fazemos/impacto/&#8221; url_new_window=&#8221;off&#8221; button_text=&#8221;Impact&#8221; button_alignment=&#8221;left&#8221; background_layout=&#8221;light&#8221; custom_button=&#8221;on&#8221; button_text_size=&#8221;14&#8243; button_letter_spacing=&#8221;0&#8243; button_use_icon=&#8221;default&#8221; button_icon_placement=&#8221;right&#8221; button_on_hover=&#8221;on&#8221; button_letter_spacing_hover=&#8221;0&#8243; /][/et_pb_column][/et_pb_row][/et_pb_section]</p>

<p class="p1"><span class="s1">- Devido a ações integradas na área da saúde, as famílias estão menos tempo doentes, são mais produtivas e encontram-se englobadas num sistema de seguro comunitário que cobre os gastos com a saúde.</span></p><p class="p1"><span class="s1">- A inclusão de novas culturas e mais variedades permite uma diversidade de alimentos, durante períodos de tempo consecutivos, eliminando os períodos tradicionais de fome entre colheitas. As técnicas adquiridas ao longo das formações permite às famílias aumentar a sua produção e vender os produtos agrícolas.</span></p><p class="p1"><span class="s1">- O acesso a sementes em mercados locais, evita todos os custos resultantes das deslocações e do tempo necessário para chegar aos mercados das vilas ou cidades mais próximas. O valor desses custos é utilizado para comprar localmente mais e variadas sementes.</span></p>
